
{"id":35189,"date":"2026-04-29T15:34:28","date_gmt":"2026-04-29T15:34:28","guid":{"rendered":"https:\/\/concoursofelegancegermany.com\/bavarian-tour\/"},"modified":"2026-04-29T16:28:23","modified_gmt":"2026-04-29T16:28:23","slug":"bavarian-tour","status":"publish","type":"page","link":"https:\/\/concoursofelegancegermany.com\/de\/bavarian-tour\/","title":{"rendered":"BAVARIAN TOUR"},"content":{"rendered":"\n<div class=\"wp-block-group alignfull banner is-layout-flow wp-container-core-group-is-layout-a70f80f3 wp-block-group-is-layout-flow\" style=\"min-height:700px;margin-top:0;margin-bottom:0;padding-top:0;padding-bottom:0\">\n<div class=\"wp-block-cover banner\" style=\"min-height:700px;aspect-ratio:unset;\"><img loading=\"lazy\" decoding=\"async\" width=\"2560\" height=\"1783\" class=\"wp-block-cover__image-background wp-image-35147 size-full\" alt=\"Bavarian Tour Header\" src=\"https:\/\/concoursofelegancegermany.com\/wp-content\/uploads\/Bavarian-Tour-Header.jpg\" style=\"object-position:50% 70%\" data-object-fit=\"cover\" data-object-position=\"50% 70%\" srcset=\"https:\/\/concoursofelegancegermany.com\/wp-content\/uploads\/Bavarian-Tour-Header.jpg 2560w, https:\/\/concoursofelegancegermany.com\/wp-content\/uploads\/Bavarian-Tour-Header-300x209.jpg 300w, https:\/\/concoursofelegancegermany.com\/wp-content\/uploads\/Bavarian-Tour-Header-1024x713.jpg 1024w, https:\/\/concoursofelegancegermany.com\/wp-content\/uploads\/Bavarian-Tour-Header-768x535.jpg 768w, https:\/\/concoursofelegancegermany.com\/wp-content\/uploads\/Bavarian-Tour-Header-1536x1070.jpg 1536w, https:\/\/concoursofelegancegermany.com\/wp-content\/uploads\/Bavarian-Tour-Header-2048x1426.jpg 2048w\" sizes=\"auto, (max-width: 2560px) 100vw, 2560px\" \/><span aria-hidden=\"true\" class=\"wp-block-cover__background has-background-dim-40 has-background-dim wp-block-cover__gradient-background has-background-gradient\" style=\"background:linear-gradient(180deg,rgb(6,147,227) 0%,rgba(155,81,224,0) 36%)\"><\/span><div class=\"wp-block-cover__inner-container is-layout-flow wp-block-cover-is-layout-flow\">\n<div style=\"height:100px\" aria-hidden=\"true\" class=\"wp-block-spacer\"><\/div>\n<\/div><\/div>\n\n\n\n<div class=\"wp-block-group is-style-zoo-page-padding has-white-background-color has-background is-layout-constrained wp-container-core-group-is-layout-d3543a3b wp-block-group-is-layout-constrained\">\n<div class=\"wp-block-group is-style-default is-layout-constrained wp-container-core-group-is-layout-58fd5b92 wp-block-group-is-layout-constrained\" style=\"padding-bottom:0\">\n<div class=\"wp-block-group is-layout-constrained wp-container-core-group-is-layout-92b9201d wp-block-group-is-layout-constrained\">\n<figure class=\"wp-block-image aligncenter size-large is-resized\"><img loading=\"lazy\" decoding=\"async\" width=\"812\" height=\"463\" src=\"https:\/\/concoursofelegancegermany.com\/wp-content\/uploads\/BAVARIAN-TOUR-2026-Sticker-W290mm-1.1.svg\" alt=\"Bavarian Tour logo\" class=\"wp-image-35151\" style=\"width:250px\"\/><\/figure>\n\n\n\n<div class=\"wp-block-group is-layout-constrained wp-block-group-is-layout-constrained\">\n<h1 class=\"wp-block-heading has-text-align-center\" id=\"junior-concours\">DIE BAVARIAN TOUR<\/h1>\n\n\n\n<h6 class=\"wp-block-heading has-text-align-center has-primary-color has-text-color has-link-color wp-elements-5633e394b51dc7747142b9e1fd444f26\" id=\"junior-concours\">3. JULI 2026<\/h6>\n<\/div>\n<\/div>\n<\/div>\n\n\n\n<div class=\"wp-block-group is-layout-constrained wp-container-core-group-is-layout-bdbfdc43 wp-block-group-is-layout-constrained\">\n<h2 class=\"wp-block-heading has-text-align-center\">Fahrvergnu\u0308gen steht im Mittelpunkt dieser exklusiven Tour, auf der sich die Alpen von Ihrer sch\u00f6nsten, und vielseitigsten Seite zeigen.<\/h2>\n\n\n\n<p class=\"has-text-align-center\">Die sorgf\u00e4ltig ausgew\u00e4hlte Route entzu\u0308ckt mit atemberaubenden Ausblicken, abwechslungsreicher Landschaft und dramatischer Alpenkulisse \u2013 und garantiert ein Fahrerlebnis, fu\u0308r das Ihr Auto wie geschaffen ist.<\/p>\n\n\n\n<p class=\"has-text-align-center\">Der Auftakt erfolgt stilvoll mit einem Abendessen und einer \u00dcbernachtung im luxuri\u00f6sen 5* Parkhotel Egerner H\u00f6fe, bevor Sie erholt zu einem unvergesslichen Fahrtag aufbrechen, pers\u00f6nlich kuratiert und begleitet vom ehemaligen Rallye\u2011Weltmeister Christian Geistd\u00f6rfer.<\/p>\n\n\n\n<hr class=\"wp-block-separator has-alpha-channel-opacity\" style=\"margin-top:var(--wp--preset--spacing--40);margin-bottom:var(--wp--preset--spacing--40)\"\/>\n\n\n\n<h6 class=\"wp-block-heading has-text-align-center has-primary-color has-text-color has-link-color wp-elements-79332ca93d8b9fa32fc6b5de703a4b13\">260 Kilometer<\/h6>\n\n\n\n<h6 class=\"wp-block-heading has-text-align-center has-primary-color has-text-color has-link-color wp-elements-87722a059d481051064f3c4789f1bed9\">7,5 Stunden Fahrzeit<\/h6>\n\n\n\n<h6 class=\"wp-block-heading has-text-align-center has-primary-color has-text-color has-link-color wp-elements-e18b7e2cd815de86235281872742a9ae\">20 exquisite Fahrzeuge<\/h6>\n\n\n\n<h6 class=\"wp-block-heading has-text-align-center has-primary-color has-text-color has-link-color wp-elements-5fe1d9128f354118013f3169ef822aa3\">1 ehemaliger Rallye-Weltmeister<\/h6>\n<\/div>\n\n\n\n<div class=\"ghostkit-grid ghostkit-grid-gap-sm\"><div class=\"ghostkit-grid-inner\">\n<div class=\"ghostkit-col ghostkit-col-md-12 ghostkit-col-lg-6 ghostkit-col-4\"><div class=\"ghostkit-col-content is-layout-flow wp-block-ghostkit-grid-column-is-layout-flow\">\n<div class=\"wp-block-cover\" style=\"min-height:320px;aspect-ratio:unset;\"><img loading=\"lazy\" decoding=\"async\" width=\"1024\" height=\"740\" class=\"wp-block-cover__image-background wp-image-35159 size-large\" alt=\"Bavarian 1\" src=\"https:\/\/concoursofelegancegermany.com\/wp-content\/uploads\/Bavarian-1-1024x740.jpg\" data-object-fit=\"cover\" srcset=\"https:\/\/concoursofelegancegermany.com\/wp-content\/uploads\/Bavarian-1-1024x740.jpg 1024w, https:\/\/concoursofelegancegermany.com\/wp-content\/uploads\/Bavarian-1-300x217.jpg 300w, https:\/\/concoursofelegancegermany.com\/wp-content\/uploads\/Bavarian-1-768x555.jpg 768w, https:\/\/concoursofelegancegermany.com\/wp-content\/uploads\/Bavarian-1.jpg 1480w\" sizes=\"auto, (max-width: 1024px) 100vw, 1024px\" \/><span aria-hidden=\"true\" class=\"wp-block-cover__background has-background-dim-0 has-background-dim\" style=\"background-color:#71747d\"><\/span><div class=\"wp-block-cover__inner-container is-layout-flow wp-block-cover-is-layout-flow\">\n<div style=\"height:100px\" aria-hidden=\"true\" class=\"wp-block-spacer\"><\/div>\n<\/div><\/div>\n<\/div><\/div>\n\n\n\n<div class=\"ghostkit-col ghostkit-col-md-12 ghostkit-col-lg-6 ghostkit-col-4\"><div class=\"ghostkit-col-content is-layout-flow wp-block-ghostkit-grid-column-is-layout-flow\">\n<div class=\"wp-block-cover\" style=\"min-height:320px;aspect-ratio:unset;\"><img loading=\"lazy\" decoding=\"async\" width=\"1024\" height=\"740\" class=\"wp-block-cover__image-background wp-image-35161 size-large\" alt=\"Bavarian 2\" src=\"https:\/\/concoursofelegancegermany.com\/wp-content\/uploads\/Bavarian-2-1024x740.jpg\" data-object-fit=\"cover\" srcset=\"https:\/\/concoursofelegancegermany.com\/wp-content\/uploads\/Bavarian-2-1024x740.jpg 1024w, https:\/\/concoursofelegancegermany.com\/wp-content\/uploads\/Bavarian-2-300x217.jpg 300w, https:\/\/concoursofelegancegermany.com\/wp-content\/uploads\/Bavarian-2-768x555.jpg 768w, https:\/\/concoursofelegancegermany.com\/wp-content\/uploads\/Bavarian-2.jpg 1480w\" sizes=\"auto, (max-width: 1024px) 100vw, 1024px\" \/><span aria-hidden=\"true\" class=\"wp-block-cover__background has-background-dim-0 has-background-dim\" style=\"background-color:#90898d\"><\/span><div class=\"wp-block-cover__inner-container is-layout-flow wp-block-cover-is-layout-flow\">\n<div style=\"height:100px\" aria-hidden=\"true\" class=\"wp-block-spacer\"><\/div>\n<\/div><\/div>\n<\/div><\/div>\n\n\n\n<div class=\"ghostkit-col ghostkit-col-md-12 ghostkit-col-lg-12 ghostkit-col-4\"><div class=\"ghostkit-col-content is-layout-flow wp-block-ghostkit-grid-column-is-layout-flow\">\n<div class=\"wp-block-cover is-light\" style=\"min-height:320px;aspect-ratio:unset;\"><img loading=\"lazy\" decoding=\"async\" width=\"1024\" height=\"740\" class=\"wp-block-cover__image-background wp-image-35163 size-large\" alt=\"Bavarian 3\" src=\"https:\/\/concoursofelegancegermany.com\/wp-content\/uploads\/Bavarian-3-1024x740.jpg\" data-object-fit=\"cover\" srcset=\"https:\/\/concoursofelegancegermany.com\/wp-content\/uploads\/Bavarian-3-1024x740.jpg 1024w, https:\/\/concoursofelegancegermany.com\/wp-content\/uploads\/Bavarian-3-300x217.jpg 300w, https:\/\/concoursofelegancegermany.com\/wp-content\/uploads\/Bavarian-3-768x555.jpg 768w, https:\/\/concoursofelegancegermany.com\/wp-content\/uploads\/Bavarian-3.jpg 1480w\" sizes=\"auto, (max-width: 1024px) 100vw, 1024px\" \/><span aria-hidden=\"true\" class=\"wp-block-cover__background has-background-dim-0 has-background-dim\" style=\"background-color:#858c95\"><\/span><div class=\"wp-block-cover__inner-container is-layout-flow wp-block-cover-is-layout-flow\">\n<div style=\"height:100px\" aria-hidden=\"true\" class=\"wp-block-spacer\"><\/div>\n<\/div><\/div>\n<\/div><\/div>\n<\/div><\/div>\n\n\n\n<div class=\"wp-block-group is-layout-constrained wp-container-core-group-is-layout-21deba94 wp-block-group-is-layout-constrained\">\n<h1 class=\"wp-block-heading has-text-align-center\" id=\"junior-concours\">WIE MAN SICH BEWERBEN KANN<\/h1>\n\n\n\n<p class=\"has-text-align-center\">Wenn Sie sich f\u00fcr die Tour anmelden oder eine Brosch\u00fcre anfordern m\u00f6chten, kontaktieren Sie bitte:<\/p>\n\n\n\n<div class=\"wp-block-buttons is-content-justification-center is-layout-flex wp-container-core-buttons-is-layout-a89b3969 wp-block-buttons-is-layout-flex\">\n<div class=\"wp-block-button\"><a class=\"wp-block-button__link wp-element-button\" href=\"&lt;!--[CDATA[mailto:stefanie@thoroughevents.com]]--&gt;\">MAKE ENQUIRY<\/a><\/div>\n<\/div>\n\n\n\n<div class=\"wp-block-group is-layout-flow wp-container-core-group-is-layout-81d5c4b5 wp-block-group-is-layout-flow\">\n<div class=\"wp-block-group is-layout-constrained wp-container-core-group-is-layout-45dc7635 wp-block-group-is-layout-constrained\">\n<p class=\"has-text-align-center\"><strong>Stefanie Thiele<\/strong><strong>,<\/strong> Relationship Manager<\/p>\n\n\n\n<p class=\"has-text-align-center has-dark-grey-color has-text-color has-link-color wp-elements-d57b92368d3aab1d34e8bd123d561e09\"><a href=\"mailto:stefanie@thoroughevents.com\" rel=\"nofollow\">stefanie@thoroughevents.com <\/a> <mark style=\"background-color:rgba(0, 0, 0, 0)\" class=\"has-inline-color has-mid-grey-color\">|<\/mark> Tel: <a href=\"tel:+49-157-71351711\"><mark style=\"background-color:rgba(0, 0, 0, 0)\" class=\"has-inline-color has-foreground-color\">+<\/mark><\/a>44 7745 326 213<\/p>\n<\/div>\n<\/div>\n<\/div>\n<\/div>\n<\/div>\n","protected":false},"excerpt":{"rendered":"<p>DIE BAVARIAN TOUR 3. JULI 2026 Fahrvergnu\u0308gen steht im Mittelpunkt dieser exklusiven Tour, auf der sich die Alpen von Ihrer sch\u00f6nsten, und vielseitigsten Seite zeigen. Die sorgf\u00e4ltig ausgew\u00e4hlte Route entzu\u0308ckt mit atemberaubenden Ausblicken, abwechslungsreicher Landschaft und dramatischer Alpenkulisse \u2013 und garantiert ein Fahrerlebnis, fu\u0308r das Ihr Auto wie geschaffen ist. Der Auftakt erfolgt stilvoll mit [&hellip;]<\/p>\n","protected":false},"author":3,"featured_media":0,"parent":0,"menu_order":0,"comment_status":"closed","ping_status":"closed","template":"","meta":{"ghostkit_customizer_options":"","ghostkit_custom_css":"","ghostkit_custom_js_head":"","ghostkit_custom_js_foot":"","ghostkit_typography":"","footnotes":""},"class_list":["post-35189","page","type-page","status-publish","hentry"],"meta_box":{"zoo_page_banner":""},"_links":{"self":[{"href":"https:\/\/concoursofelegancegermany.com\/de\/wp-json\/wp\/v2\/pages\/35189","targetHints":{"allow":["GET"]}}],"collection":[{"href":"https:\/\/concoursofelegancegermany.com\/de\/wp-json\/wp\/v2\/pages"}],"about":[{"href":"https:\/\/concoursofelegancegermany.com\/de\/wp-json\/wp\/v2\/types\/page"}],"author":[{"embeddable":true,"href":"https:\/\/concoursofelegancegermany.com\/de\/wp-json\/wp\/v2\/users\/3"}],"replies":[{"embeddable":true,"href":"https:\/\/concoursofelegancegermany.com\/de\/wp-json\/wp\/v2\/comments?post=35189"}],"version-history":[{"count":2,"href":"https:\/\/concoursofelegancegermany.com\/de\/wp-json\/wp\/v2\/pages\/35189\/revisions"}],"predecessor-version":[{"id":35197,"href":"https:\/\/concoursofelegancegermany.com\/de\/wp-json\/wp\/v2\/pages\/35189\/revisions\/35197"}],"wp:attachment":[{"href":"https:\/\/concoursofelegancegermany.com\/de\/wp-json\/wp\/v2\/media?parent=35189"}],"curies":[{"name":"wp","href":"https:\/\/api.w.org\/{rel}","templated":true}]}}

<div class="wp-block-group alignfull banner is-layout-flow wp-container-core-group-is-layout-a70f80f3 wp-block-group-is-layout-flow" style="min-height:700px;margin-top:0;margin-bottom:0;padding-top:0;padding-bottom:0">
<div class="wp-block-cover banner" style="min-height:700px;aspect-ratio:unset;"><img loading="lazy" decoding="async" width="2560" height="1783" class="wp-block-cover__image-background wp-image-35147 size-full" alt="Bavarian Tour Header" src="https://concoursofelegancegermany.com/wp-content/uploads/Bavarian-Tour-Header.jpg" style="object-position:50% 70%" data-object-fit="cover" data-object-position="50% 70%" srcset="https://concoursofelegancegermany.com/wp-content/uploads/Bavarian-Tour-Header.jpg 2560w, https://concoursofelegancegermany.com/wp-content/uploads/Bavarian-Tour-Header-300x209.jpg 300w, https://concoursofelegancegermany.com/wp-content/uploads/Bavarian-Tour-Header-1024x713.jpg 1024w, https://concoursofelegancegermany.com/wp-content/uploads/Bavarian-Tour-Header-768x535.jpg 768w, https://concoursofelegancegermany.com/wp-content/uploads/Bavarian-Tour-Header-1536x1070.jpg 1536w, https://concoursofelegancegermany.com/wp-content/uploads/Bavarian-Tour-Header-2048x1426.jpg 2048w" sizes="auto, (max-width: 2560px) 100vw, 2560px" /><span aria-hidden="true" class="wp-block-cover__background has-background-dim-40 has-background-dim wp-block-cover__gradient-background has-background-gradient" style="background:linear-gradient(180deg,rgb(6,147,227) 0%,rgba(155,81,224,0) 36%)"></span><div class="wp-block-cover__inner-container is-layout-flow wp-block-cover-is-layout-flow">
<div style="height:100px" aria-hidden="true" class="wp-block-spacer"></div>
</div></div>



<div class="wp-block-group is-style-zoo-page-padding has-white-background-color has-background is-layout-constrained wp-container-core-group-is-layout-d3543a3b wp-block-group-is-layout-constrained">
<div class="wp-block-group is-style-default is-layout-constrained wp-container-core-group-is-layout-58fd5b92 wp-block-group-is-layout-constrained" style="padding-bottom:0">
<div class="wp-block-group is-layout-constrained wp-container-core-group-is-layout-92b9201d wp-block-group-is-layout-constrained">
<figure class="wp-block-image aligncenter size-large is-resized"><img loading="lazy" decoding="async" width="812" height="463" src="https://concoursofelegancegermany.com/wp-content/uploads/BAVARIAN-TOUR-2026-Sticker-W290mm-1.1.svg" alt="Bavarian Tour logo" class="wp-image-35151" style="width:250px"/></figure>



<div class="wp-block-group is-layout-constrained wp-block-group-is-layout-constrained">
<h1 class="wp-block-heading has-text-align-center" id="junior-concours">DIE BAVARIAN TOUR</h1>



<h6 class="wp-block-heading has-text-align-center has-primary-color has-text-color has-link-color wp-elements-5633e394b51dc7747142b9e1fd444f26" id="junior-concours">3. JULI 2026</h6>
</div>
</div>
</div>



<div class="wp-block-group is-layout-constrained wp-container-core-group-is-layout-bdbfdc43 wp-block-group-is-layout-constrained">
<h2 class="wp-block-heading has-text-align-center">Fahrvergnügen steht im Mittelpunkt dieser exklusiven Tour, auf der sich die Alpen von Ihrer schönsten, und vielseitigsten Seite zeigen.</h2>



<p class="has-text-align-center">Die sorgfältig ausgewählte Route entzückt mit atemberaubenden Ausblicken, abwechslungsreicher Landschaft und dramatischer Alpenkulisse – und garantiert ein Fahrerlebnis, für das Ihr Auto wie geschaffen ist.</p>



<p class="has-text-align-center">Der Auftakt erfolgt stilvoll mit einem Abendessen und einer Übernachtung im luxuriösen 5* Parkhotel Egerner Höfe, bevor Sie erholt zu einem unvergesslichen Fahrtag aufbrechen, persönlich kuratiert und begleitet vom ehemaligen Rallye‑Weltmeister Christian Geistdörfer.</p>



<hr class="wp-block-separator has-alpha-channel-opacity" style="margin-top:var(--wp--preset--spacing--40);margin-bottom:var(--wp--preset--spacing--40)"/>



<h6 class="wp-block-heading has-text-align-center has-primary-color has-text-color has-link-color wp-elements-79332ca93d8b9fa32fc6b5de703a4b13">260 Kilometer</h6>



<h6 class="wp-block-heading has-text-align-center has-primary-color has-text-color has-link-color wp-elements-87722a059d481051064f3c4789f1bed9">7,5 Stunden Fahrzeit</h6>



<h6 class="wp-block-heading has-text-align-center has-primary-color has-text-color has-link-color wp-elements-e18b7e2cd815de86235281872742a9ae">20 exquisite Fahrzeuge</h6>



<h6 class="wp-block-heading has-text-align-center has-primary-color has-text-color has-link-color wp-elements-5fe1d9128f354118013f3169ef822aa3">1 ehemaliger Rallye-Weltmeister</h6>
</div>



<div class="ghostkit-grid ghostkit-grid-gap-sm"><div class="ghostkit-grid-inner">
<div class="ghostkit-col ghostkit-col-md-12 ghostkit-col-lg-6 ghostkit-col-4"><div class="ghostkit-col-content is-layout-flow wp-block-ghostkit-grid-column-is-layout-flow">
<div class="wp-block-cover" style="min-height:320px;aspect-ratio:unset;"><img loading="lazy" decoding="async" width="1024" height="740" class="wp-block-cover__image-background wp-image-35159 size-large" alt="Bavarian 1" src="https://concoursofelegancegermany.com/wp-content/uploads/Bavarian-1-1024x740.jpg" data-object-fit="cover" srcset="https://concoursofelegancegermany.com/wp-content/uploads/Bavarian-1-1024x740.jpg 1024w, https://concoursofelegancegermany.com/wp-content/uploads/Bavarian-1-300x217.jpg 300w, https://concoursofelegancegermany.com/wp-content/uploads/Bavarian-1-768x555.jpg 768w, https://concoursofelegancegermany.com/wp-content/uploads/Bavarian-1.jpg 1480w" sizes="auto, (max-width: 1024px) 100vw, 1024px" /><span aria-hidden="true" class="wp-block-cover__background has-background-dim-0 has-background-dim" style="background-color:#71747d"></span><div class="wp-block-cover__inner-container is-layout-flow wp-block-cover-is-layout-flow">
<div style="height:100px" aria-hidden="true" class="wp-block-spacer"></div>
</div></div>
</div></div>



<div class="ghostkit-col ghostkit-col-md-12 ghostkit-col-lg-6 ghostkit-col-4"><div class="ghostkit-col-content is-layout-flow wp-block-ghostkit-grid-column-is-layout-flow">
<div class="wp-block-cover" style="min-height:320px;aspect-ratio:unset;"><img loading="lazy" decoding="async" width="1024" height="740" class="wp-block-cover__image-background wp-image-35161 size-large" alt="Bavarian 2" src="https://concoursofelegancegermany.com/wp-content/uploads/Bavarian-2-1024x740.jpg" data-object-fit="cover" srcset="https://concoursofelegancegermany.com/wp-content/uploads/Bavarian-2-1024x740.jpg 1024w, https://concoursofelegancegermany.com/wp-content/uploads/Bavarian-2-300x217.jpg 300w, https://concoursofelegancegermany.com/wp-content/uploads/Bavarian-2-768x555.jpg 768w, https://concoursofelegancegermany.com/wp-content/uploads/Bavarian-2.jpg 1480w" sizes="auto, (max-width: 1024px) 100vw, 1024px" /><span aria-hidden="true" class="wp-block-cover__background has-background-dim-0 has-background-dim" style="background-color:#90898d"></span><div class="wp-block-cover__inner-container is-layout-flow wp-block-cover-is-layout-flow">
<div style="height:100px" aria-hidden="true" class="wp-block-spacer"></div>
</div></div>
</div></div>



<div class="ghostkit-col ghostkit-col-md-12 ghostkit-col-lg-12 ghostkit-col-4"><div class="ghostkit-col-content is-layout-flow wp-block-ghostkit-grid-column-is-layout-flow">
<div class="wp-block-cover is-light" style="min-height:320px;aspect-ratio:unset;"><img loading="lazy" decoding="async" width="1024" height="740" class="wp-block-cover__image-background wp-image-35163 size-large" alt="Bavarian 3" src="https://concoursofelegancegermany.com/wp-content/uploads/Bavarian-3-1024x740.jpg" data-object-fit="cover" srcset="https://concoursofelegancegermany.com/wp-content/uploads/Bavarian-3-1024x740.jpg 1024w, https://concoursofelegancegermany.com/wp-content/uploads/Bavarian-3-300x217.jpg 300w, https://concoursofelegancegermany.com/wp-content/uploads/Bavarian-3-768x555.jpg 768w, https://concoursofelegancegermany.com/wp-content/uploads/Bavarian-3.jpg 1480w" sizes="auto, (max-width: 1024px) 100vw, 1024px" /><span aria-hidden="true" class="wp-block-cover__background has-background-dim-0 has-background-dim" style="background-color:#858c95"></span><div class="wp-block-cover__inner-container is-layout-flow wp-block-cover-is-layout-flow">
<div style="height:100px" aria-hidden="true" class="wp-block-spacer"></div>
</div></div>
</div></div>
</div></div>



<div class="wp-block-group is-layout-constrained wp-container-core-group-is-layout-21deba94 wp-block-group-is-layout-constrained">
<h1 class="wp-block-heading has-text-align-center" id="junior-concours">WIE MAN SICH BEWERBEN KANN</h1>



<p class="has-text-align-center">Wenn Sie sich für die Tour anmelden oder eine Broschüre anfordern möchten, kontaktieren Sie bitte:</p>



<div class="wp-block-buttons is-content-justification-center is-layout-flex wp-container-core-buttons-is-layout-a89b3969 wp-block-buttons-is-layout-flex">
<div class="wp-block-button"><a class="wp-block-button__link wp-element-button" href="&lt;!--[CDATA[mailto:stefanie@thoroughevents.com]]--&gt;">MAKE ENQUIRY</a></div>
</div>



<div class="wp-block-group is-layout-flow wp-container-core-group-is-layout-81d5c4b5 wp-block-group-is-layout-flow">
<div class="wp-block-group is-layout-constrained wp-container-core-group-is-layout-45dc7635 wp-block-group-is-layout-constrained">
<p class="has-text-align-center"><strong>Stefanie Thiele</strong><strong>,</strong> Relationship Manager</p>



<p class="has-text-align-center has-dark-grey-color has-text-color has-link-color wp-elements-d57b92368d3aab1d34e8bd123d561e09"><a href="mailto:stefanie@thoroughevents.com" rel="nofollow">stefanie@thoroughevents.com </a> <mark style="background-color:rgba(0, 0, 0, 0)" class="has-inline-color has-mid-grey-color">|</mark> Tel: <a href="tel:+49-157-71351711"><mark style="background-color:rgba(0, 0, 0, 0)" class="has-inline-color has-foreground-color">+</mark></a>44 7745 326 213</p>
</div>
</div>
</div>
</div>
</div>

<p>DIE BAVARIAN TOUR 3. JULI 2026 Fahrvergnügen steht im Mittelpunkt dieser exklusiven Tour, auf der sich die Alpen von Ihrer schönsten, und vielseitigsten Seite zeigen. Die sorgfältig ausgewählte Route entzückt mit atemberaubenden Ausblicken, abwechslungsreicher Landschaft und dramatischer Alpenkulisse – und garantiert ein Fahrerlebnis, für das Ihr Auto wie geschaffen ist. Der Auftakt erfolgt stilvoll mit [&hellip;]</p>
